. Let k(f) = -5*n(f) + 3*t(f). Let s(b) = -b**3 - b**2 + 3*b + 1. Let r be s(-2). Calculate k(r).
-2
Let s be (-26)/(-65)*50/4. Let o(h) = -h**2 + 3*h + 12. Calculate o(s).
2
Suppose 3 = 5*q - 7. Let o(i) = 3 + i + 0*i + 13*i**2 - 12*i**q + 0*i. Give o(-3).
9
Let m(y) be the first derivative of -6 + 1/12*y**4 + 0*y - 1/3*y**3 - 3*y**2. Let b(g) be the second derivative of m(g). Determine b(3).
4
Let i(c) be the first derivative of -11 - 4/3*c**3 - 1/4*c**4 - 3*c - 2*c**2. Determine i(-2).
-3
Let q be -3 - ((-6 - -2) + 3). Let v be 5 + -4 + q + 2. Let b(g) = 2*g**2 - 2*g**2 - g - 3*g**2. Give b(v).
-4
Let y(i) = i**3 + 7*i**2 - 27*i - 14. Let j be y(3). Let k(f) = f**3 + 6*f**2 + 6*f + 2. What is k(j)?
-3
Let r(v) = 8*v**3 - 3*v**2 + 2*v + 10. Let i(u) = -5*u**3 + 3*u**2 - u - 8. Let y(w) = 3*i(w) + 2*r(w). Determine y(-3).
-7
Let b(g) = g**2 + 5. Let i(h) = -h - 1. Let u(p) = b(p) + 4*i(p). Let d be 1*(-1 - 1*-2). Let y = 3 + d. Determine u(y).
1
Let x(a) = -6*a**2 - 18*a - 46. Let v(y) = -y**2 - 3*y - 9. Let w(f) = 11*v(f) - 2*x(f). Determine w(8).
81
Suppose 0 = 4*b + 20, 3*b + 11 = 2*p - 3*p. Let v(w) be the third derivative of 5/6*w**3 - 1/60*w**5 - 13*w**2 + 0*w + 1/6*w**4 + 0. What is v(p)?
5
Let g be (-60)/(-27) + (-4)/18. Let p(t) = -t**3 - 6*t**2 - 11*t - 28. Let y be p(-5). Let r(u) = 4*u**2 + 2*u**3 - 3*u**2 + 3*u**y + u - 5*u**g. Give r(1).
2
Let c be ((-5)/(-2) - 3)*(10 + -10). Suppose -r = -1, 2*a - 5*r - 1 = -c*r. Let q(h) be the first derivative of h**2 + 3*h + 1. Determine q(a).
9
Let j be 2*(-52)/(-40) + 10/25. Let s(q) = 21*q - 1 - 18*q + j*q**2 - 5*q**2. What is s(2)?
-3
Let a = 16 + -1. Let y = a + 4. Let k = y + -23. Let z(q) = q**2 + 5*q - 1. Give z(k).
-5
Let c(v) be the third derivative of -v**6/120 + v**5/15 + 5*v**4/24 - v**3 - 11*v**2. Let m(x) = 5*x**2 - x - 1. Let k be m(-1). Give c(k).
-6
Let t = 17 - 10. Suppose -p = 0, -4*k - 2*p + 17 + t = 0. Suppose k = -b - b. Let h(u) = u**3 + 5*u**2 + 5*u + 2. Calculate h(b).
5
Let u = -116 - -123. Let x(a) = -2*a - u - 3*a + 6*a + a. Give x(-5).
-17
Let j(p) = -2*p + 1. Let y(u) = -u**2 + 10*u - 5. Let z be y(9). Suppose 2*s - z*i - 44 = -16, 3*s = -3*i + 6. Suppose -n + s*n = -5. Determine j(n).
3
Suppose 3*q + 2 = h, -2*h = -4*h - 8. Let w be (16/(-40) - (-4)/10)/q. Let o(y) = -y + 14. Calculate o(w).
14
Let q(a) = 22*a - 783. Let i be q(35). Let w(p) = -p**3 - 14*p**2 - 14*p - 6. Calculate w(i).
7
Suppose -3*g + 216 = -4*s - s, -120 = 3*s + 3*g. Let q = 42 + s. Let y(a) = a - 1. Calculate y(q).
-1
Let v(z) = z**3 - 4*z**2 - 2*z - 13. Let w = 1681 - 1676. Give v(w).
2
Let i = 1 + -2. Let z(k) = -k**2 + k + 1. Let r(c) = c**3 - 4*c**2 - 11*c + 8. Let d(w) = i*r(w) - 2*z(w). Determine d(7).
4
Suppose -5*q - 23 = -4*y + 2*y, 2*q - 2*y = -14. Let o be -14 - 4/q*3. Let s be o/75 + (-58)/15. Let x(k) = -k**3 - 4*k**2 + 3*k - 2. What is x(s)?
-14
Suppose -7 = -g - 4. Let f = g + -8. Let u(q) = -7 - 9*q**3 + q**3 + 9*q**3 - 7*q - 6*q**2 + q**3 - 3*q**3. Determine u(f).
3
Let z(l) = -9*l - 2. Suppose 4*j - 2*d + 7 + 15 = 0, -4*d + 35 = -5*j. What is z(j)?
25
Let l(i) = -3*i**3 - 7*i**2 - 3*i - 7. Let x(a) = 5*a**3 + 13*a**2 + 6*a + 13. Let h(r) = 7*l(r) + 4*x(r). Let t = -17 + 21. What is h(t)?
-1
Let q(t) be the first derivative of t**2/2 - 14*t + 52. Calculate q(8).
-6
Let k(g) = 14*g**3 + g**2 + 2*g + 1. Let w be (-2)/(-3) + 5/45*-15. Calculate k(w).
-14
Let y be -12 - ((-24)/(-8) + -13). Let n(x) = -5*x**2 - 4*x + 5. Determine n(y).
-7
Let p(y) = 5*y**2 + 2*y - 1. Let w be 396/63 + 2/(-7). Suppose b = -w - 7. Let i = -12 - b. What is p(i)?
6
Let k(q) = q**3 + 3*q**2 - 3*q + 5. Suppose -249 = 33*p - 84. Determine k(p).
-30
Let c(b) = b**3 - b + 36. Let m(t) = -t**2 + 8*t + 48. Let f be m(12). Calculate c(f).
36
Let a(w) = 8*w**2 - 13*w**2 + w**3 + w + w**2 + 3*w**2. Let u(v) = -3*v**3 + 3*v**2 + v + 2. Let h(f) = -2*a(f) - u(f). Determine h(3).
7
Let a(o) = 2*o**3 + 4*o**2 + o + 4. Let v = 51 + -34. Let h = v - 20. Calculate a(h).
-17
Let s(d) = 22*d + 187. Let l(c) = -15*c - 126. Let b(w) = 7*l(w) + 5*s(w). Give b(-11).
-2
Suppose h - 3 = 2*s, -5*s - 9*h = -11*h + 9. Let z(i) = i**3 + 2*i**2 + 2. Calculate z(s).
-7
Suppose -2*t - q + 17 = t, -4*t + 5*q = -29. Let g(h) = -74*h**2 - t*h - h**3 + 0 - 2 + 68*h**2. Determine g(-5).
3
Let d(q) = -q**3 - 19*q**2 - 20*q - 28. Let c be d(-18). Let l(p) = p**3 - 8*p**2 - 2*p + 5. Determine l(c).
-11
Let l(g) be the third derivative of 0 + 5*g**2 + 1/2*g**3 + 0*g - 1/60*g**5 - 1/8*g**4. Give l(2).
-7
Suppose -4*k - 5*i = -92, -5*k - 11*i + 136 = -10*i. Suppose 0 = -8*t + 20 + k. Let c(z) = 0 - z**2 + 0 + 7*z. Give c(t).
6
Let m(f) = -f**3 + f**2 - f + 1. Let p(q) = -7*q**3 + 8*q**2 - 4*q + 5. Let b(z) = -6*m(z) + p(z). Calculate b(-3).
38
Let n be -1*3 - 112/(-14). Let l(q) = -q**2 + 4*q + 10. What is l(n)?
5
Let y(i) be the first derivative of i**3/3 + i**2 + 3*i + 338. What is y(-2)?
3
Suppose h + w + 20 - 28 = 0, -4*w + 20 = h. Let t(d) = -3*d + 18. Calculate t(h).
6
Let q(r) = 3 - 27 - r**3 - 16*r**2 + 7 + 5 + 10. What is q(-16)?
-2
Let q(f) = f - 2. Let h(v) = -7*v + 8. Let z be h(6). Let u = -4 + 43. Let s = z + u. What is q(s)?
3
Let p(n) = 4*n - 2. Let f(i) = -3*i + 2. Let s(j) = -3*f(j) - 2*p(j). Let l(v) = -2*v**2 - 9*v + 24. Let t be l(-6). Calculate s(t).
4
Let k(h) = h**3 - h. Let j(m) = 4*m**3 + 9*m**2 + 5*m + 6. Let i(v) = 7*v**2 + 2*v. Let o be i(-1). Let l(c) = o*k(c) - j(c). What is l(10)?
-6
Let c(g) = g + 1 - 2*g - 30 + 2*g + 5. Give c(10).
-14
Let a(x) = 6*x**2 - 8*x + 7. Let f(m) = -m**2 + m - 1. Let h(q) = a(q) + 5*f(q). Let z(g) = -5*g - 16. Let v be z(-4). Give h(v).
6
Let g(n) be the third derivative of n**6/30 - n**5/15 + n**4/12 + 63*n**2 + 2*n. Calculate g(2).
20
Let o(h) = -h**3 - h**2 + h + 1. Let q(x) = -8*x - 18. Let d be q(-4). Let k be (-20)/25*(-35)/2. Let n = d - k. Give o(n).
1
Let m(k) be the first derivative of k**4/4 - 16*k**3/3 - k**2/2 + 4*k + 151. Calculate m(16).
-12
Suppose -4*i - 5 = -21. Let d(c) = -c**2 - i*c**2 + 5 - 2*c + 4*c**2 + c. Let v = 22 - 26. What is d(v)?
-7
Let g(n) = -6 - 316*n + 2 - n**2 + 335*n. Calculate g(19).
-4
Let o(q) = q**3 - 2*q**2 - 2*q - 2. Let r(w) = -2*w. Let n be r(0). Suppose 0 = 3*h - n*h. Let t be (h - 6)*(-13)/26. Calculate o(t).
1
Suppose 27 = -5*z + 67. Let h(m) = 13*m + 7. Let o(b) = -37*b - 20. Let u(n) = -17*h(n) - 6*o(n). What is u(z)?
9
Let a(t) = -2*t**3 - 9*t**2 + 29*t + 64. Let m be a(-6). Let l(s) be the second derivative of s**3/2 - s**2/2 - s. Calculate l(m).
-7
Suppose 0*m - 4 = -2*m. Let r(j) = 5*j**m - 1 - 3*j + 5*j**2 + 10*j - 9*j**2. Give r(-7).
-1
Suppose 3*z = 0, -2*y + 10 = -17*z + 22*z. Let n(b) be the first derivative of b**4/4 - 2*b**3 + 5*b**2/2 - b + 1. What is n(y)?
-1
Let k(q) = -q**2 - 8*q - 4. Suppose -5*p - 27 = 2*v + 6, 10 = 2*p - 5*v. What is k(p)?
11
Let v be (-1)/(-2)*(9 + -5). Suppose l + 1 = 3. Let d(x) = 8 + 0 + 3*x - l*x**v - 9 - 1. Give d(2).
-4
Let a(i) = i**3 - 4*i**2 - 2*i - 7. Let v be a(5). Suppose -v*x + 6*x + 64 = 0. Suppose -x = 5*o - 4*n, -o - n + 0 = 1. Let b(m) = m + 3. Determine b(o).
-1
Let l(d) = 4*d + 3*d + 5 + 5*d**2 + 2 - 4*d**2. Let c be (-8)/(-12)*(-42)/4. Determine l(c).
7
Let t(x) be the second derivative of -x**5/20 + x**4/2 + x**3/6 - x**2/2 + 6*x - 13. Give t(5).
29
Let l(t) = -t**3 - 12*t**2 + 6*t - 13. Let m(z) = 2*z**2 + z. Let y(r) = l(r) + 2*m(r). Suppose -5*d - 5*a - 45 = 0, -2*d + 3 = 3*a + 21. What is y(d)?
-4
Suppose 4*t = -2*l - 10, 5*l - 4*t = -5*t + 20. Let n(z) = 4*z**2 - 10*z + 4. Let r(c) = 9*c**2 - 21*c + 7. Let a(u) = -7*n(u) + 3*r(u). Give a(l).
3
Suppose -2*g + 7*g + 55 = 0. Let z(c) = -c - 7. Let o be z(g). Suppose 42 = -o*y + 14. Let j(w) = -w**3 - 7*w**2 + 5. What is j(y)?
5
Let d(m) = m**2 - 8*m - 2. Let u be d(9). Let r(o) = -4*o - 3. Let y(p) = -4*p - 3. Let c(j) = u*y(j) - 6*r(j). What is c(-4)?
13
Let i(u) = -31*u + 13. Let n(h) = -3*h - 1. Let x be n(-9). Let t(q) = 8*q - 3. Let w(p) = x*t(p) + 6*i(p). What is w(-1)?
-22
Let t(b) be the first derivative of -3/2*b**2 + b - 10. What is t(2)?
-5
Let k be (11 - 1) + 2 + -2. Let j(o) = -3*o**3 - 15*o**2 - 14*o + 25. Let s(r) = -4*r**3 - 23*r**2 - 20*r + 38. Let z(t) = 7*j(t) - 5*s(t). Give z(k).
5
Let x = 10 + -7. L